mine i(d).
-13
Let z(g) = 5*g**3 + 13*g**2 - 18*g - 6. Let r(h) = -3*h**3 - 9*h**2 + 12*h + 4. Suppose 19 = 5*y - 6. Let w(b) = y*z(b) + 8*r(b). Determine w(6).
2
Let i(r) = -2*r**2 + 6*r - 9. Let a(v) = -v**2. Let z(c) = -3*a(c) + i(c). Let m = 32 - 39. What is z(m)?
-2
Suppose -20*l = -16*l - 20. Let f(k) = -4*k**3 - 9*k**2 - 10*k - 3. Let h(n) = -5*n**3 - 10*n**2 - 11*n - 4. Let a(g) = 6*f(g) - 5*h(g). Determine a(l).
2
Let z(t) = -27*t**2 + 29*t**2 - 2*t + 4*t. Give z(-2).
4
Let n be (-25)/20 - (-1)/4. Suppose c - 6 = -2*p, 2*c - 2*p + 4 = 2*p. Let o(x) = 1 - 2 - 6*x + x**c + 6*x**3 + 5*x. Give o(n).
-5
Let v(p) be the third derivative of 0*p - 1/2*p**3 + 1/12*p**4 + 2*p**2 + 1/60*p**5 + 0. Calculate v(2).
5
Suppose 0 = 3*h - 0 - 15. Let c(x) be the second derivative of -x**4/24 + 11*x**3/6 + x**2/2 + 2*x. Let u(a) be the first derivative of c(a). Determine u(h).
6
Suppose -74 - 74 = -4*m. Suppose 5*p + m = -3*a, -3 = -6*a + 3*a + 3*p. Let h(d) = 15*d - 21. Let s(l) = -7*l + 10. Let j(w) = 6*h(w) + 13*s(w). Give j(a).
8
Let c(u) be the second derivative of u**4/4 - u**3 - 10*u**2 + 2*u. Let r(i) = 2*i**2 - 4*i - 13. Let w(j) = 5*c(j) - 8*r(j). What is w(4)?
-4
Let o(t) be the first derivative of -t**4/4 - t**3/3 + 2*t**2 - t + 1. What is o(-3)?
5
Let i(q) = q**2 + 5*q + 3. Suppose 4*n - 28 = -4*w, -4*n + 5*w + 9 + 37 = 0. Suppose 3 = -3*r, -3*c - 3*r = n + 9. Give i(c).
3
Suppose 5 = -4*y - y. Let q be (y - (-3 - -2))/(-2). Let z(a) = -a + 9. Give z(q).
9
Let p(t) = -7*t - 1. Let z = 0 + 5. Suppose -5*l = z, -y - 3 + 1 = l. Give p(y).
6
Let p(l) = -2*l**2 + 3. Suppose -12 = -76*z + 72*z. What is p(z)?
-15
Let l(s) = 5*s**2 + 2*s**3 - s + 2*s + 3 - s**3. Let w = 0 + -2. Let x be (w/4)/(5/50). What is l(x)?
-2
Let x(c) = c**2 + 6*c. Let b be x(-6). Suppose -8 = 2*y - b*y. Let v be (-6)/y*(4 - 8). Let j(w) = w**3 + 6*w**2 - 2*w - 7. What is j(v)?
5
Let u(z) = 3*z + 0 - z**3 + 2 + 10*z**2 - 6*z**2. What is u(5)?
-8
Let o(h) = -h**3 + 8*h**2 + h + 8. Let n(p) = p**3 - 7*p**2 - p - 7. Let y(z) = 4*n(z) + 3*o(z). What is y(5)?
16
Let f(u) = -u**3 - 4*u**2 + 7*u + 3. Let t(m) = 6*m - 12. Let b be t(6). Suppose b*q = 29*q + 25. What is f(q)?
-7
Let m(c) = c**2 + 1. Let a be m(1). Let k = a - 7. Let b = k + 10. Let f(r) = r**3 - 6*r**2 + 2*r + 3. What is f(b)?
-12
Let p(a) = -1. Let v(z) = -z + 2. Let w(m) = -8*p(m) - 3*v(m). Give w(-4).
-10
Suppose -5*j + 2*j = -15. Let o(m) = 6*m. Let g(x) = -9*x. Let a(k) = j*g(k) + 8*o(k). Give a(-2).
-6
Let s(m) = -m + 8. Let o be 11 + (-1 - (3 - (6 - 2))). Determine s(o).
-3
Let h(a) = -a**2 + 22*a + 3. Let r be h(22). Suppose 20 = -0*m + 4*m. Let c(g) = -2 - g + 3*g**3 - 2*g + m*g**2 - 4*g**3. Calculate c(r).
7
Let n = 8 - -17. Suppose 9*t + n = 4*t. Let m(c) = 4 + 5*c + c**2 - 4 + 3. Determine m(t).
3
Let k(x) = -x - 9. Let v(a) = -a - 8. Let u = -21 - -16. Let c(z) = u*v(z) + 4*k(z). Calculate c(0).
4
Let n be 18/4 + (-1)/(-2). Let s(d) be the first derivative of -d**5/120 + 5*d**4/12 - 2*d**3/3 - 1. Let f(k) be the third derivative of s(k). Calculate f(n).
5
Suppose i = -l + 3, -2 = 3*l - 5*i - 27. Let c(m) = -2 - 4 - m**2 + 4 + 7*m. Calculate c(l).
8
Let s = 0 - -1. Let x(u) = 2*u**2 + u. Let v be x(s). Suppose -v = -t - 7. Let o(c) = -c**2 - 4*c - 4. What is o(t)?
-4
Let a(b) be the third derivative of -b**6/120 - 7*b**5/60 + b**4/24 + 3*b**3/2 - 4*b**2. Give a(-7).
2
Let l(d) = d**2 - 2*d - 2. Let r(t) be the first derivative of -t**3 + 5*t**2/2 + 5*t - 1. Let i(h) = -17*l(h) - 6*r(h). Calculate i(-3).
1
Let n(v) = 1 + v + 0 - 4*v + 5*v**2 - v**3. Let x be ((-23)/7 - -3)*(-4 + -10). Determine n(x).
5
Suppose r = 3*r. Let l = r - -1. Let f(b) = -b + 2. Determine f(l).
1
Let y(b) = 1. Let i(s) = -s**2 - s. Let x(q) = -i(q) + 2*y(q). Let p be (-8)/3*(-12)/(-16). Give x(p).
4
Suppose 0 = -3*m + 4*m. Let i(g) = g**2 + 5. Calculate i(m).
5
Let n(h) be the second derivative of -h**6/360 + h**4/24 - h**3/6 - 2*h. Let c(g) be the second derivative of n(g). Let z be (6/15)/(1/(-5)). Determine c(z).
-3
Let x(p) = -p**2 + 8*p + 8. Let c(i) = i + 1. Let r(b) = -2*c(b) + x(b). Let h(d) be the first derivative of r(d). What is h(5)?
-4
Let t(s) = -s**3 - 4*s**2 - 3*s + 1. Let k(v) = 6*v - 40. Let j(p) = 2*p - 13. Let g(z) = -17*j(z) + 6*k(z). Let o be g(8). Determine t(o).
1
Let p = 49 + -42. Let u(j) = j - 10. Calculate u(p).
-3
Let h(x) be the first derivative of 2*x + 2 + 2 - 3 + x**2 - x**3. Suppose 2*u + 0 - 4 = 0. Calculate h(u).
-6
Let x(p) = -p**2 - 2*p - 2. Let r be (2 - 35/5) + 2. Calculate x(r).
-5
Let d = 94 + -250. Let q be 4/(-14) + d/42. Let o(c) = 3*c + 1. Give o(q).
-11
Let i = -6 + 10. Let t(j) = 5 - 2 + i*j**2 + j**3 - 7*j + j. Let n be 123/(-24) - (-2)/16. Determine t(n).
8
Let s(m) = -m**2 + 9. Let g(q) = q**3 - 2*q**2 - q + 2. Let l be g(2). Determine s(l).
9
Let b = -12 - -19. Let u(i) be the second derivative of -i**5/20 + 2*i**4/3 - 7*i**3/6 - i**2 - i. Let s be u(b). Let c(q) = 3*q**2 + 3*q + 2. Give c(s).
8
Let n be (33/6)/((-2)/(-4)). Let s = n - 15. Let t(h) be the first derivative of -h**3/3 - h**2 + 4*h - 4. Calculate t(s).
-4
Let x(q) = -q**3 - 2*q**2 + 3*q + 1. Let p be x(-3). Let h be -1 + (0 + 2 - p). Let z(t) = -t**3 + t**2 + t + 6. Calculate z(h).
6
Let a(z) be the second derivative of z**4/12 + z**2/2 + 3*z. Let y be a(0). Let f(x) = -8*x**2 + x**2 - 3 + 2 + x**2. Determine f(y).
-7
Suppose -2 = -4*q + 2*q. Let v(c) = 4*c**3 - c**2 + 2*c + 2. Let o(j) = 0*j**2 - 7*j**3 - 5 + 2*j**2 + 0*j**2 - 5*j. Let p(u) = 2*o(u) + 5*v(u). Give p(q).
5
Suppose 0 = -6*o - o. Let h(f) be the second derivative of 0 + 2*f - 2/3*f**3 + o*f**2. Determine h(1).
-4
Suppose -2*i + 3*i = 0. Let h(p) = 3*p - 4*p - 3 + 0*p. Calculate h(i).
-3
Let r(p) = -4*p - 5. Let y(w) = -9*w - 10. Let x(g) = -13*r(g) + 6*y(g). Suppose -3*o = -7*o + 24. Calculate x(o).
-7
Let c(r) = 3*r - 19. Let f(a) = 1. Let b(g) = -g + 3. Let n(v) = 2*b(v) + 4*f(v). Let q(l) = 4*c(l) + 7*n(l). What is q(-5)?
4
Let o be (-25)/10*(-2)/5. Suppose 2*v = 5*a, 2*v + o - 11 = 0. Let g(q) = -3*q + 13*q**2 - 1 + q - 6*q**a. Give g(-1).
8
Let g = 6 - 0. Let h(r) = 0*r**2 + 2 + 5*r**2 - g*r**2 - 5*r + r**3. What is h(3)?
5
Let j(x) = -3*x - 3 + 5 + 2*x + 2*x. Let b = -39 - -39. Calculate j(b).
2
Let b(j) = 3*j - 1. Let p be ((-6)/10)/((-5)/25). Suppose 5*h - p*h = -4. Give b(h).
-7
Let t(y) = -4*y - 7. Suppose -q - 4*q + 2*x = 15, -5*x + 12 = -4*q. Calculate t(q).
5
Let v(x) = -5 + x**3 - 13*x + 1 + 9*x**2 - 2*x**3 + 5*x. Determine v(8).
-4
Let v(n) be the third derivative of -n**6/60 + n**4/24 - n**3/6 + 2*n**2. Determine v(-2).
13
Let o = -4 - -7. Suppose 5*k + o + 2 = 0. Let b(d) = 2*d**2 - 1. Determine b(k).
1
Let g(u) = -u**3 - 7*u**2 - u - 3. Suppose 4*z - 10 = -p - 37, 2*z - p + 15 = 0. Calculate g(z).
4
Let a = 1/220 + 1/22. Let b(n) be the second derivative of 5/2*n**2 + 0 + 0*n**3 + a*n**5 - 3*n - 1/3*n**4. What is b(4)?
5
Let l(z) = 4*z**3 + 2*z**3 - 6*z - 6*z**2 - 5*z**3. Let b be l(7). Let s(n) = 2*n**3 + 3*n**2 + b*n - 7*n. Determine s(-2).
-4
Let p(b) = -18*b**2 + b. Suppose 3*h = -5*c + 1 + 7, -5*h + 5 = 0. Determine p(c).
-17
Let q(h) be the second derivative of h**3/6 - h**2/2 + 10*h. Determine q(1).
0
Let f(p) = -3*p + 3. Suppose 0 = 4*w + 59 - 67. Calculate f(w).
-3
Let o(u) = u + 12. Let y(z) = z**2 + 14*z - 15. Let m be y(-15). Determine o(m).
12
Let f(p) = -3*p + 3. Let m(j) = -4*j + 4. Let z(s) = 7*f(s) - 5*m(s). Let w(b) = -b**3 + b - 3. Let y be w(0). Let c be 2 + y - (-11 + 4). Calculate z(c).
-5
Suppose 0 = -4*x - 4*y + y - 21, -3*y + 3 = -4*x. Let u(a) = -a**3 - 4*a**2 - a + 4. Give u(x).
-2
Suppose 0*x - 4 = x. Suppose -3*u + 24 = u. Let d(i) = -i - 3*i + 2 + u*i. Give d(x).
-6
Let x(v) = v**3 + 4*v**2 - 4*v - 2. Suppose 0 = 2*k - 3*c - 1, -5*k = 2*c + 2*c - 14. Suppose 0 = -k*p + 2, -5*a - 24 + 4 = 5*p. Give x(a).
-7
Let r(v) = -5*v - 5*v + v + 1 + 4*v. Suppose 0 = 2*u - 3*z + 11, -z + 5 = -u + 2. Calculate r(u).
-9
Let d(c) = -c + 1. Let m(q) = q - 2. Let l(k) = -3*d(k) - 2*m(k). What is l(-6)?
-5
Let p = 22 - 21. Let t(g) = 12*g**3 + g**2 + g - 1. What is t(p)?
13
Let o(f) be the third derivative of f**5/30 - 7*f**4/24 - f**3/6 - 15*f**2. Determine o(5).
14
Let w(a) = -a + a**3 + a**2 - 6*a**2 + 7*a - 4*a**2